/12. Let s(d) = 14*d + 1. Let u be s(1). Calculate the highest common divisor of u and v.
15
Let d = 134 - 98. Let l be (-2)/(-8) - (-117)/12. Suppose l = -2*n, -5*n + 31 = -2*h + 74. Calculate the highest common divisor of h and d.
9
Let w = 54 + -39. Calculate the highest common factor of w and 10.
5
Let q(t) = 3*t + 1. Let y be q(0). Calculate the highest common divisor of y and 2.
1
Let q be 4/(-6) - (-42)/9. What is the greatest common divisor of q and 8?
4
Suppose i + 5*w = -0*w + 28, -4*w = -4*i + 16. Let t be i/(-6)*(0 - -18). Let d = 4 - t. Calculate the highest common factor of d and 42.
14
Let h be -3 + -1 + (106 - 14). What is the highest common factor of h and 8?
8
Suppose 0 = 7*n - 2*n + 15. Let o(x) = -3*x - 2. Let z be o(n). Suppose 5*d - 324 = -79. What is the greatest common factor of d and z?
7
Suppose 49*u - 63*u = -42. Suppose 6*c - 20 = 2*c. Suppose 0 = -t - t - 5*h - 13, -4 = c*t + 3*h. What is the highest common divisor of u and t?
1
Suppose -28 - 192 = -4*w. Calculate the greatest common divisor of w and 5.
5
Suppose -24 = 3*l - 60. Calculate the greatest common divisor of l and 36.
12
Let i be -14 + 1 + (13 - 10). Let w be i*2/(-10)*42. Calculate the greatest common divisor of w and 12.
12
Let p(c) = c**3 - 4*c**2 - 6*c - 6. Let w be 25 + ((-2)/(-2) - 0). Suppose -w + 8 = -3*l. Let x be p(l). Calculate the highest common factor of x and 20.
10
Let o = 35 + -15. Calculate the highest common divisor of 180 and o.
20
Suppose z - 69 = -2*z. Calculate the greatest common divisor of 46 and z.
23
Suppose 2*y = y + 2*d + 4, 2*d + 12 = 2*y. Let j be (-60)/y*(-52)/6. What is the greatest common factor of 13 and j?
13
Suppose -2*n + 2*v = -8, -2*n - 3*v = -4*n + 9. Let p(i) = -i**3 + 4*i**2 - 2*i + 3. Let g be p(n). What is the greatest common divisor of 48 and g?
6
Suppose 4*d + 14 = 66. Let z be -5 + 3 - (-13 + -2). What is the greatest common divisor of d and z?
13
Let u be (2 - 0) + (11 - 1). What is the greatest common factor of u and 6?
6
Let h(x) = -3*x + 6. Let a be h(4). Let z(r) = -r**3 - 6*r**2 - r - 8. Let n be z(a). Let o be n/5 + 227/5. What is the highest common factor of o and 9?
9
Let c be 3*33/9 - 2. Let b = 2 + -1. Let n be 48/20*15/b. Calculate the highest common factor of n and c.
9
Suppose d - 200 = -4*d. Suppose -4*x + d = -8. Calculate the highest common factor of 18 and x.
6
Let n = -9 + 13. Suppose o - 21 = -n*c, 2*o - 12 = -3*c + 5*o. What is the greatest common divisor of 40 and c?
5
Suppose -4*d + 225 = d. Let p be 10/3*3/2. Suppose f - 17 = -4*h, 5*f = -3*h + 39 - p. What is the highest common divisor of f and d?
5
Let r(z) = 2*z + 5. Let x be r(11). Let q(t) = 14*t**2 + 4*t - 3. Let h be q(3). What is the highest common factor of h and x?
27
Let g(t) = 24*t - 5 + 5. Let f be g(3). Calculate the greatest common divisor of 8 and f.
8
Suppose 7*x = 10*x - 36. Calculate the greatest common factor of 12 and x.
12
Let i = 1 - 6. Let m(f) = -f**3 - 5*f**2 - 4. Let p be m(i). Let r = p + 7. Calculate the greatest common divisor of 6 and r.
3
Suppose -2*r = 8 + 6. Let u = 14 - r. Let k = -15 + u. What is the highest common factor of 3 and k?
3
Suppose 0*c - 4*c + 24 = 0. Let g be (-1)/(-3) + 76/c. Suppose 0 = -r - 0*r + g. What is the greatest common factor of 52 and r?
13
Let k be (-178)/(-6) + 2/6. Let a(c) = 7*c + 2*c**2 + 4*c - 2*c**2 - 12 - c**2. Let q be a(8). Calculate the highest common factor of q and k.
6
Let n be 4/(-4) + 48/3. What is the greatest common factor of n and 5?
5
Suppose -2*o + 15 = 3*o. Suppose 12 = -o*u + 7*u. Suppose -8*a = -u*a - 100. Calculate the greatest common divisor of 10 and a.
10
Suppose -3*c = -82 - 86. Let u(w) = 3*w - 2. Let s be u(7). Suppose 0 = -g + l + 6, -3*l - 2*l = 2*g - s. What is the greatest common divisor of c and g?
7
Let s be (-2 + 0)/((-6)/(-3)). Let k(d) = -198*d. Let i be k(s). Suppose -2*n + 38 = -3*z, 4*n = -z - z + 92. Calculate the highest common divisor of i and n.
22
Suppose 0 = -2*h + 333 - 69. What is the highest common factor of 33 and h?
33
Suppose 15 = 7*q - 2*q. Let s be -18*(21/(-2))/(-7). Let z = s + 60. What is the greatest common divisor of q and z?
3
Let x be 2/(-7) - (-40)/(-7). Let c = x - -13. Let q(b) = -25*b - 1. Let l be q(-2). What is the greatest common factor of c and l?
7
Let t be 3/6*-26*-1. Let n be 0 - 2/((-2)/13). What is the greatest common factor of t and n?
13
Let l(d) = 2*d**3 + 6*d**2 - 7*d + 12. Let y be l(4). What is the greatest common factor of y and 13?
13
Suppose -7*r + 74 = -136. Calculate the greatest common factor of 12 and r.
6
Let i be 9/(-27) - 20/(-6). Calculate the greatest common factor of 24 and i.
3
Let g = 12 - 14. Suppose 0 = 4*s + 2*l + 2*l - 28, 0 = -5*s - l + 39. Let k = s + g. Calculate the highest common divisor of 6 and k.
6
Let a(d) = d**3 - 5*d**2 + 5*d - 7. Let o be a(5). Suppose -31 = -3*s - c, -56 = 3*s - 7*s - 5*c. Calculate the highest common factor of s and o.
9
Suppose 0*w + 315 = 3*w. Calculate the highest common divisor of 21 and w.
21
Let s(u) = 32*u**3 - 3*u**2 + 7*u - 10. Let o be s(2). Calculate the highest common divisor of o and 62.
62
Suppose 4*h - 9 + 1 = 0. Suppose 0 = 5*g - 4*g. Suppose g*y = 6*y - 18. What is the highest common divisor of y and h?
1
Let l = 80 + -50. Let w(o) = -76*o**3 - 1. Let b be w(-1). Calculate the greatest common factor of l and b.
15
Let k be ((-112)/6)/(4/762). Let n be (-6)/(-27) - k/36. What is the greatest common factor of 9 and n?
9
Suppose -2*j - 2*j + 20 = 0. Suppose 5*h + 19 = c - 0*h, -2*h = -c + 13. Let u be (60/c)/((-2)/(-6)). What is the greatest common divisor of j and u?
5
Suppose 1 = -2*z + 13. Suppose b = 3*b - z. Calculate the greatest common factor of b and 24.
3
Let y be -2 + 0 + -1 + 13. Suppose 3*x + 5*a = 210, -x - 2*x = -a - 210. Calculate the highest common factor of x and y.
10
Let g(p) = -p**3 - 3*p**2 - 3*p - 6. Let j be g(-4). Let t(r) = r**3 - 10*r**2 + 9*r + 11. Let z be t(9). Calculate the greatest common divisor of z and j.
11
Let n be (-2 - -3)/((-2)/(-32)). Let q be ((-20)/(-15))/(4/144). Calculate the greatest common divisor of n and q.
16
Let u = 6 + -16. Let h be (-1 - u)*17/3. Suppose -2*s + 27 = -7. Calculate the highest common divisor of s and h.
17
Let c = 3 - 4. Let a be 16 - c - (-3)/3. What is the highest common divisor of a and 45?
9
Let z(f) = -56*f**3 - f**2 - f. Suppose 0 - 2 = 2*u. Let c be z(u). Calculate the highest common factor of c and 8.
8
Suppose 4*c - 43 = 57. Suppose 3*q - 5*q = -20. What is the greatest common divisor of c and q?
5
Suppose -2*w - 5*g + 14 = -0*w, -3*w - g = 5. Let u = w - -12. Suppose -2*m + 45 = 3*m. What is the highest common factor of m and u?
9
Let u(m) = -m**3 + 6*m**2 + 2*m + 3. Let i be u(3). Let c be (-12)/(-20) - i/(-15). What is the highest common divisor of c and 12?
3
Let g = 13 + 53. Let j(n) = n**2 - 6*n + 6. Let h = -8 - -14. Let i be j(h). Calculate the greatest common divisor of g and i.
6
Let h be 139/7 + (-10)/(-70). Calculate the greatest common factor of h and 2.
2
Let t be (0/(-3))/(-1 - -2). Let y = 2 + 0. Suppose -y*o + t = -24. What is the greatest common divisor of o and 30?
6
Suppose -2*x - 3*x + 15 = 0. Suppose 4*z - 3*i + x = 7*z, 8 = 5*z + 4*i. Let f be (3/2*z)/2. Calculate the highest common divisor of f and 21.
3
Suppose -2*p + 0*p + 52 = 0. Let i = -528 + 593. Calculate the highest common factor of p and i.
13
Let q = -2 - -43. Suppose -8 = s - q. Calculate the greatest common divisor of 11 and s.
11
Let v be (-3)/(-15) - 108/(-10). What is the greatest common divisor of v and 22?
11
Let c be (0/(-3) - -2)*(-35)/(-5). Calculate the highest common divisor of c and 35.
7
Suppose 0*y + y = p + 12, p = -5*y + 78. Calculate the highest common factor of 15 and y.
15
Let n = 149 + -144. What is the highest common divisor of 75 and n?
5
Let l be -1 - (0 - (-1 + 4)). Suppose l*z - 18 = -3*d, 2*d + 5*z - 2 = -1. Calculate the greatest common divisor of d and 16.
8
Let i(z) = 8*z**2 + z. Let n be i(1). Let q = 20 - n. Let v be (-2 - -3)*1/1. Calculate the greatest common factor of v and q.
1
Let n = -53 + 79. What is the greatest common factor of 130 and n?
26
Let l be (-2)/(-2 - 16/(-7)). Let b(w) = w**3 + 7*w**2 - 2*w + 2. Let t be b(l). Let j 